greatest common factor of 18165345 and 137307.
3711
Calculate the highest common factor of 62 and 910153428.
62
What is the greatest common factor of 108618 and 372036?
258
Calculate the highest common factor of 12000987 and 91881.
1107
Calculate the greatest common divisor of 1037413404 and 29.
29
What is the greatest common factor of 9056408 and 492?
164
What is the highest common divisor of 7117581 and 2235?
447
Calculate the highest common divisor of 8614827 and 3393.
3393
What is the greatest common divisor of 115064541 and 9?
9
Calculate the greatest common factor of 4 and 27121036.
4
Calculate the highest common divisor of 62915248 and 66.
22
What is the greatest common divisor of 24 and 37775652?
12
Calculate the highest common divisor of 1180 and 454820.
20
What is the greatest common factor of 13265 and 2227645?
35
What is the greatest common factor of 513 and 789885?
27
What is the greatest common factor of 111843 and 86172?
129
What is the highest common factor of 463749 and 1949112?
759
What is the highest common divisor of 6101 and 37?
1
Calculate the highest common factor of 182 and 2277587858.
182
What is the greatest common factor of 35642 and 164154?
502
What is the highest common divisor of 32520011 and 4078?
2039
Calculate the greatest common factor of 126 and 35293410.
18
Calculate the highest common factor of 2996 and 1452311.
749
What is the highest common factor of 712888 and 111760?
88
What is the highest common factor of 17760 and 150240?
480
Calculate the highest common factor of 310 and 39790670.
310
What is the greatest common factor of 1035859303 and 23?
23
Calculate the highest common divisor of 95 and 36905315.
95
Calculate the highest common divisor of 34 and 156374398.
34
Calculate the greatest common divisor of 1896561 and 12.
3
What is the highest common divisor of 2987085 and 195?
15
Calculate the greatest common factor of 82617433 and 3451.
493
Calculate the highest common divisor of 2301118 and 10266.
118
What is the highest common factor of 169774780 and 14?
14
What is the highest common factor of 852 and 10831050?
426
What is the greatest common factor of 2691 and 29480802?
897
Calculate the highest common factor of 1133523 and 2451.
129
Calculate the greatest common factor of 9083372 and 30752.
3844
Calculate the greatest common divisor of 261520 and 572320.
560
What is the greatest common divisor of 66933827 and 100624?
6289
Calculate the highest common divisor of 64441337 and 1541.
67
What is the greatest common divisor of 9569778 and 3768?
942
Calculate the greatest common factor of 10322982 and 59874.
3522
Calculate the greatest common divisor of 322524 and 1550124.
1116
Calculate the greatest common factor of 2329158 and 115596.
1014
Calculate the greatest common factor of 1504154529 and 3726.
1863
Calculate the highest common factor of 1053556464 and 48.
48
Calculate the greatest common divisor of 15776057 and 22.
11
What is the highest common divisor of 186944 and 33966912?
8128
What is the greatest common factor of 634785 and 6704?
419
Calculate the greatest common divisor of 14 and 1048548312.
14
Calculate the greatest common divisor of 32611325 and 4010.
2005
What is the greatest common factor of 132659 and 9438813?
2503
What is the greatest common factor of 722688 and 87513?
2823
What is the highest common factor of 194125191 and 39?
39
What is the greatest common divisor of 132 and 1504344?
12
What is the highest common factor of 483 and 9809661?
69
Calculate the greatest common divisor of 6930 and 4282080.
330
What is the highest common factor of 14577952 and 2987?
29
What is the greatest common factor of 6452966 and 9622?
566
What is the highest common factor of 1692658 and 6674?
94
What is the greatest common factor of 60 and 72456?
12
Calculate the highest common divisor of 30 and 288689610.
30
Calculate the greatest common factor of 5206 and 99598.
38
Calculate the highest common factor of 24140 and 3004010.
710
Calculate the highest common factor of 12720830 and 340.
10
What is the greatest common factor of 37170 and 176940?
90
What is the highest common divisor of 6392790 and 2970?
270
Calculate the greatest common factor of 346 and 292224161.
173
Calculate the greatest common divisor of 91 and 662322388.
91
Calculate the highest common factor of 1 and 15791533.
1
What is the highest common factor of 6356 and 858253858?
3178
Calculate the greatest common divisor of 288 and 6232752.
144
Calculate the highest common factor of 78807 and 218327.
109
What is the highest common factor of 88601040 and 37584?
1296
Calculate the highest common divisor of 540238716 and 1704.
852
What is the highest common factor of 203819 and 1337?
7
Calculate the highest common factor of 230824 and 18056.
488
What is the highest common factor of 306 and 201059442?
306
What is the greatest common factor of 243456 and 71959?
317
Calculate the greatest common divisor of 86127 and 46113.
57
What is the highest common divisor of 34 and 412333793?
17
Calculate the greatest common divisor of 829335 and 375.
15
What is the highest common factor of 126731713 and 193?
193
What is the highest common divisor of 67421120 and 325?
65
What is the greatest common factor of 112506 and 6018?
102
What is the highest common divisor of 182783 and 14899?
47
What is the greatest common divisor of 591 and 372542760?
591
Calculate the highest common factor of 2130 and 15226234.
142
What is the greatest common factor of 5963033 and 153737?
3271
Calculate the highest common factor of 1004738734 and 114.
38
Calculate the greatest common divisor of 116 and 632439772.
116
What is the greatest common factor of 5672 and 2630804056?
5672
What is the greatest common divisor of 21536433 and 51?
51
What is the greatest common divisor of 53931341 and 908?
227
Calculate the greatest common divisor of 17861 and 44115322.
337
Calculate the highest common divisor of 70688 and 15337087.
2209
Calculate the highest common factor of 8521340 and 16960.
1060
Calculate the greatest common divisor of 17070 and 625313930.
5690
What is the greatest common divisor of 3080 and 847910?
70
What is the highest common divisor of 23056 and 3552196?
524
What is the greatest common divisor of 130 and 32006585?
65
Calculate the greatest common factor of 452 and 22124609.
113
What is the highest common factor of 34063893 and 261?
261
What is the highest common factor of 310067 and 259063?
311
Calculate the highest common factor of 307683680 and 2136.
712
Calculate the greatest common divisor of 42 and 7538307.
21
Calculate the greatest common divisor of 22 and 25445783.
11
Calculate the greatest common factor of 274173 and 69.
3
Calculate the highest common divisor of 3819 and 3509091.
57
What is the greatest common factor of 50025360 and 1120?
560
What is the greatest common factor of 2967030 and 180?
90
What is the greatest common divisor of 4420800 and 151044?
3684
What is the greatest common divisor of 982 and 2398?
2
Calculate the greatest common divisor of 31000 and 1298776.
248
What is the greatest common divisor of 18228336 and 1680?
336
What is the greatest common factor of 6895 and 5594603?
1379
What is the highest common divisor of 645975 and 44793?
81
What is the highest common divisor of 2758 and 20314?
14
What is the greatest common factor of 12 and 45078396?
12
What is the greatest common divisor of 12266436 and 403260?
7332
Calculate the highest common factor of 538614 and 2286.
18
Calculate the greatest common divisor of 2 and 87164842.
2
Calculate the highest common factor of 145 and 195485.
5
Calculate the greatest common factor of 495 and 463705.
55
Calculate the greatest common factor of 3560149 and 303.
101
Calculate the highest common factor of 604942 and 2634.
878
What is the greatest common divisor of 354963096 and 144?
72
Calculate the greatest common divisor of 47348734 and 5788.
2894
Calculate the greatest common divisor of 4300 and 2612.
4
Calculate the greatest common factor of 1277650 and 51865.
1265
What is the greatest common factor of 45344 and 30336553?
1417
What is the highest common factor of 4630 and 33040606?
926
What is the highest common divisor of 395450 and 3200?
50
What is the greatest common divisor of 1173 and 8478?
3
C